e the first derivative of t(c). Give s(q).
3
Let j be (-2618)/(-1870) + ((-18)/(-5) - 0). Let t(r) = -r**2 - 3*r + 4. Determine t(j).
-36
Let i(w) = -7*w**3 + w. Let f(k) = 2*k - 1. Let l be f(2). Suppose 0 = l*n - 0*n - 15. Let p = -6 + n. Give i(p).
6
Suppose y - 5*y = -8. Let g be (y + -3 - 0)*2. Let b(l) = 2 - 269*l + 0 + 816*l - 268*l - 274*l. Calculate b(g).
-8
Let w(f) be the second derivative of 1/6*f**3 + 0 + 4*f - 1/12*f**4 + 1/2*f**2. Determine w(-3).
-11
Let z(n) = -9*n**3 - 18*n**2 - 25*n - 21. Let k(y) = 12*y + 22 + 9*y**2 - 43 + 31 + 4*y**3. Let o(d) = 7*k(d) + 3*z(d). Give o(-8).
-1
Let v(f) be the third derivative of 0*f + 0 - 1/24*f**4 + 0*f**3 + 9*f**2. Calculate v(3).
-3
Let p be ((-39)/26)/((-6)/172). Suppose -p*c + 2 = -42*c. Let s(h) = -5*h + 2. Determine s(c).
-8
Let d(f) = f**2 - 8*f - 5. Suppose -2*v + 16 + 2 = 0. What is d(v)?
4
Let a be 1 + 7 - (-1)/(13/(-143)). Let m(u) = -u**3 - 4*u**2 - 2*u + 3. What is m(a)?
0
Let z(i) = -6*i**3 + i**2 + i - 13. Let t(n) = 6*n**3 - n**2 - 2*n + 9. Let w(c) = -4*t(c) - 3*z(c). Calculate w(-1).
5
Let r = 10 + -25. Let v be (-5)/2*24/r. Let t(x) = 2*x**3 - 6*x**2 - 3*x + 6. Let b(d) = d**3 - 3*d**2 - d + 4. Let y(k) = -5*b(k) + 3*t(k). Calculate y(v).
-2
Let v(y) be the first derivative of -y**4/4 - 5*y**3/3 + 3*y**2/2 - y + 190. Give v(-5).
-16
Let d(r) be the third derivative of -r**6/120 + r**5/15 + r**4/3 + 2*r**3/3 - 2*r**2. Let l(q) = -q**3 + 3*q**2 + 22*q - 54. Let v be l(5). Give d(v).
-20
Suppose -11*r + 40 = -4. Let v(d) = -2 - 12*d + d**3 - r*d**2 - 4*d**2 + 13*d. What is v(8)?
6
Suppose -5*u = 1 + 19. Let i be (-9)/u - 7/28. Let j(v) = v**2 + 0 + i*v + 0 - 1 - 4*v. Determine j(2).
-1
Let o(q) = -3*q**2 + 11*q**2 - 8*q**2 + 23*q**3. Let z be o(1). Let r(b) = -b + 12 + 12 - z - b**2. Calculate r(2).
-5
Let y(k) = 2*k**2 - 8*k + 3. Suppose -3*n + 5*p + 7 = 0, 0 = -2*n - p + 2 + 7. Determine y(n).
3
Suppose -3*i + 0*r + 2*r + 152 = 0, -2*i + 5*r + 116 = 0. Suppose b = 9*b + i. Let o(u) = -2*u - 4. What is o(b)?
8
Let u(t) = -2*t**2 + 6*t - 1. Let p(a) = 4*a**2 - 12*a + 2. Let l = -13 + 25. Let f be (5 - -1)*(-6)/l. Let g(m) = f*p(m) - 5*u(m). Determine g(4).
-9
Let l(u) = -7*u + 1. Let v(d) = d - 1. Let q(x) = -l(x) - 2*v(x). Determine q(1).
6
Suppose 14*w - 30*w = 96. Let v(b) = -b**3 - 7*b**2 + 19. Determine v(w).
-17
Let h = -4 - -6. Let l(n) = h*n + 0 + 0*n - 5 + n**2. Let q be 5/10*-4 + -2. Calculate l(q).
3
Suppose 12*d = -61 + 49. Let l(u) = -23*u. What is l(d)?
23
Suppose -k - 37 = 3*z - 55, -k + 2*z - 7 = 0. Let f(t) be the third derivative of t**2 + 0 - 1/60*t**5 + 1/6*t**4 + 0*t - 1/3*t**3. Determine f(k).
1
Suppose 209 + 22 = 3*p. Let v be 8/(-14) - 33/p. Let r(c) = -65*c**3 + 11*c - 3. Let g(x) = -22*x**3 + 4*x - 1. Let q(z) = -17*g(z) + 6*r(z). Give q(v).
17
Let f(v) be the first derivative of -4/3*v**3 - 1 - 1/4*v**4 + 4*v + 1/2*v**2. Suppose 10*x + 20 = 5*x. What is f(x)?
0
Let h(t) = -t + 1. Let b be h(-3). Let j(p) = -1 + 5*p - 4*p - b - 2*p. Suppose -33 = 12*i + 15. Determine j(i).
-1
Let n(f) = f**3 + 4*f**2 - f + 6. Let h be 2*(99/6)/(-3) + 6. Give n(h).
-14
Let b be 3/((-6)/2)*-10. Let x(j) = -4 + 9*j**2 + 21*j - 11*j - 10*j**2. Let h be x(b). Let r(f) = f**2 + 5*f + 2. Calculate r(h).
-2
Let a(p) = 17 + 5 + 20*p + 130*p**2 - 110*p**2 + p**3. Let w be a(-19). Let h(s) be the first derivative of -s**4/4 + 4*s**3/3 + s - 1. Give h(w).
10
Let k(j) = j - 9. Let x(h) = 1. Let q(d) = k(d) + x(d). What is q(7)?
-1
Let j(m) be the second derivative of m**5/60 + 7*m**4/24 + 11*m**3/6 + 25*m. Let u(w) be the second derivative of j(w). Give u(-7).
-7
Let n = -369 - -363. Let g(v) = v + 1 - 1 + 0. Calculate g(n).
-6
Suppose -h + 21 - 1 = 0. Let w(v) = -v**3 + 6*v**2 - 4*v + 7. Let i be w(6). Let p = h + i. Let f(d) = 4*d - 4. Determine f(p).
8
Let g(t) = -1. Let b(x) be the second derivative of -13*x**4/12 - x**3/6 - 2*x**2 - 47*x. Let o(n) = b(n) - 3*g(n). Calculate o(-1).
-13
Let b be -1 + -6*(-2)/3. Let n(f) be the third derivative of 0*f - 7/24*f**4 + 1/120*f**6 + 6*f**2 + 1/10*f**5 + 0 + f**b. What is n(-7)?
6
Let x(m) = 20*m + 16. Let q be x(-1). Let h(i) = i**3 + 3*i**2 + 5*i + 3. Determine h(q).
-33
Suppose 3*j + 3*h - 5 = 2*h, h = -5*j + 5. Suppose j = 5*t - 7*t + 4. Let u(r) = -2*r**2 - 5*r**t + 5*r + 6*r**2 - 4. Give u(5).
-4
Let o(z) be the second derivative of -z**7/840 - z**6/120 - z**5/60 - z**4/24 + 2*z**3 + 10*z. Let m(r) be the second derivative of o(r). Calculate m(-3).
5
Let r be (15/(-18))/(9/(-162)). Let a(i) = -i**2 + 18*i + 8. Give a(r).
53
Let l(h) = -935 + 935 - 15*h. Calculate l(-1).
15
Let y(s) = 3*s - 4*s - 6 - s. Suppose 5*j + 2 - 12 = 0. Suppose -3*o - 5 = -j*o. Give y(o).
4
Let s(c) = -2*c + 8. Suppose l + 3*q = -2, -5*l = -q - 20 + 46. What is s(l)?
18
Let d be (4 + -6)*1 - (0 + -5). Let w(b) = -2 - 7 + b**2 + 2*b - b**d + 5*b**2 + 3. Determine w(6).
6
Let g(t) be the second derivative of t**3/6 + 7*t**2 - 5*t + 10. What is g(-4)?
10
Let f(z) = z**2 + 5*z. Let y(m) = 2*m + 1. Let n be y(4). Suppose 5*b + h - 4 = -1, 3*h = 3*b - n. Let j = b + -5. Give f(j).
-4
Let n(b) = 7*b + 19. Let a(u) = 6*u + 10. Let w(h) = 2*a(h) - 3*n(h). Give w(-4).
-1
Let i(x) be the third derivative of 0*x + 1/8*x**4 - x**3 + 36*x**2 + 0. Suppose -11 - 5 = -4*t. Give i(t).
6
Let b(h) = 2*h - 21. Let g be b(10). Let s(t) = t**2 + t. Let w(u) = 5*u**2 + 13*u + 1. Let i(z) = g*w(z) + 4*s(z). Determine i(-8).
7
Let v(a) = -a**3 - 7*a**2 + 11*a + 10. Suppose c - 3*q = -14, -4*c + 19*q - 22*q = 26. Calculate v(c).
-14
Let c(w) be the second derivative of -w**3/2 + w**2 + 414*w. Give c(1).
-1
Let y be (-16)/(-5) + ((-12)/(-15))/(-4). Let o(z) = 3*z**3 - 3*z - 22*z**2 + 19*z**2 - 4*z**y + 1 + 2*z**3. Let n(u) = -4*u. Let c be n(-1). Calculate o(c).
5
Let i be (1 - -3) + -6 + 2. Let y(t) = 3*t - 1 + 0 + 0 + i*t**2 - t**2. Give y(3).
-1
Let n(y) = 0*y + 716326 + 4*y - 716335 - 6*y. Determine n(9).
-27
Let s be (1/((6/3)/(-2)))/1. Let y(n) = -2 + 14*n**2 + 2 - n - 1. Give y(s).
14
Let m(o) = -o - 1. Let i(j) = -3*j - 2. Let y = -3 - -2. Let f(l) = y*i(l) + 4*m(l). Give f(-4).
2
Let q = 364 + -362. Let r(w) be the second derivative of 1/2*w**q - 1/6*w**3 + 1/12*w**4 + 3*w + 0 + 1/2*w**5. Determine r(1).
11
Let z(x) = -2*x**2 + 24*x + 2. Let o be z(12). Suppose -o*v + 4 = 10. Let l(r) = 2*r**3 + 3*r**2 - r - 2. Determine l(v).
-26
Let c be 5*-1*72/(-10). Suppose 2*v + v + c = h, -5*h + 5*v = -200. Let l be (-4)/(-14) + 282/h. Let i(o) = o**3 - 8*o**2 + 8*o - 8. Calculate i(l).
-1
Let t(g) be the first derivative of -9*g**2/2 - 16. Determine t(-1).
9
Let n be (-9)/2*12/(-18). Suppose 0 = s - 2 - n. Let i = s + -1. Let t(k) = -k + 3. Give t(i).
-1
Let y(n) = n + 12. Let h be y(-11). Let x(c) = 3*c**3 - c**2 - c + 1. What is x(h)?
2
Let c(g) = g + 5. Suppose 6*f = 5*f + 13. Let b be f + -14 + 8/(1 + 0). Give c(b).
12
Suppose 5*m + 4*f = 3, m - 2*f = 4*m - 1. Let j(a) = 9*a**3 - 3*a**2 - 1. Let o(c) = -10*c**3 + 2*c**2 + 1. Let p(s) = -3*j(s) - 4*o(s). Calculate p(m).
-13
Let v(n) be the second derivative of n**5/20 - 5*n**4/12 - n**3/2 + 3*n**2 - n. Let b = -6010 - -6015. What is v(b)?
-9
Let b(y) = y**3 - 8*y**2 - 9*y + 11. Suppose 6*v - 7*v - 3 = 0, -3*x = -v - 9. Suppose 3*i - 47 = -3*o - 2*i, -4*o - x*i + 44 = 0. Give b(o).
11
Let k(g) = 11*g**3 + g**2 + 5*g - 1. Let a(w) = w**3 + 5*w. Let p(d) = -a(d) + k(d). Calculate p(1).
10
Let u(x) = -x**2 - 4*x + 8. Let t = 306 - 312. Give u(t).
-4
Let z(m) = m**3 - 9*m**2 + 7*m - 1. Suppose 6*u - 360 = -312. Determine z(u).
-9
Let f(p) = p**2 + 2*p + 1. Let z(k) = k**2 - 9*k - 37. Suppose 0 = -m + 5*c + 7, -c = -2*m - 2*c + 25. Let g be z(m). Calculate f(g).
0
Let j(k) = k**2 + 11*k + 3. Let s be j(-11). Let x(r) = s*r + 16 - 24 + 11 + 3*r**2. What is x(-2)?
9
Suppose 5*o - 3*h - h - 21 = 0, 3*o - 17 = -2*h. Let r(u) be the second derivative of u**4/12 - 2*u**3/3 - 5*u**2/2 - 3*u. Calculate r(o).
0
Let y(z) = -z**2 - 2. Let c(f) = -2*f + 10*f + 2 + 4*f - 4*f - 3*f**2. Let m(a) = c(a) - 2*y(a). Give m(7).
13
Let s = 20 - 17. Suppose 5*j = -3*j + s*j. Let n(u) = u**2 + 3*u + 6. Let t(c) = -c - 1. Let a(z) = n(z) + 2*t(z). What is a(j)?
4
Let o = -62 - -64. Suppose 0 = -3*a - o*v - 10, -3*a - 6 = -0*v + 3*v. Let y(c) = c + 